{"id":116,"date":"2020-07-08T07:03:07","date_gmt":"2020-07-08T07:03:07","guid":{"rendered":"https:\/\/volksschule.st-aegidi.at\/?page_id=116"},"modified":"2020-07-08T07:03:20","modified_gmt":"2020-07-08T07:03:20","slug":"chronik-frueher","status":"publish","type":"page","link":"https:\/\/volksschule.st-aegidi.at\/index.php\/chronik\/chronik-frueher\/","title":{"rendered":"Chronik fr\u00fcher"},"content":{"rendered":"\t\t<div data-elementor-type=\"wp-page\" data-elementor-id=\"116\" class=\"elementor elementor-116\">\n\t\t\t\t\t\t<section class=\"elementor-section elementor-top-section elementor-element elementor-element-30a2687 elementor-section-boxed elementor-section-height-default elementor-section-height-default\" data-id=\"30a2687\" data-element_type=\"section\" data-e-type=\"section\">\n\t\t\t\t\t\t<div class=\"elementor-container elementor-column-gap-default\">\n\t\t\t\t\t<div class=\"elementor-column elementor-col-100 elementor-top-column elementor-element elementor-element-d182672\" data-id=\"d182672\" data-element_type=\"column\" data-e-type=\"column\">\n\t\t\t<div class=\"elementor-widget-wrap elementor-element-populated\">\n\t\t\t\t\t\t<div class=\"elementor-element elementor-element-697def2 elementor-widget elementor-widget-text-editor\" data-id=\"697def2\" data-element_type=\"widget\" data-e-type=\"widget\" data-widget_type=\"text-editor.default\">\n\t\t\t\t<div class=\"elementor-widget-container\">\n\t\t\t\t\t\t\t\t\t<p class=\"Stil2\" align=\"center\">Chronik fr\u00fcher<\/p><p class=\"Stil1\" align=\"center\"><img fetchpriority=\"high\" decoding=\"async\" src=\"http:\/\/schulen.eduhi.at\/vs.st.aegidi\/bilder\/bilder\/Schule alt\/schule fr\u00fcher.jpg\" width=\"475\" height=\"293\" \/><\/p><p class=\"Stil1\" align=\"center\">\u00a0<\/p><p class=\"Stil1\" align=\"center\"><img decoding=\"async\" src=\"http:\/\/schulen.eduhi.at\/vs.st.aegidi\/bilder\/bilder\/Schule alt\/Ort st. Aegidi. alt.jpg\" width=\"510\" height=\"340\" \/><\/p><p class=\"Stil5\">1805<em>:<\/em> <em>Errichtung der 1. Schule am Kirchenplatz<\/em><\/p><p class=\"Stil7\">Nach Erweiterungen wurde sie bis 1964 von Generationen besucht.<\/p><p class=\"Stil5\">1805 bis 1964: <em>altes Schulhaus am Kirchenplatz &#8211; 158 Jahre<\/em><\/p><p class=\"Stil5\">1963\/64: <em>Bau des neuen Schulgeb\u00e4udes &#8211; jetziger Standort<\/em><\/p><p class=\"Stil5\">10.Oktober 1964: <em>feierliche Einweihung der neuen Schule<\/em><\/p><p class=\"Stil5\">23.Oktober 1964: <em>Umzug aus dem alten Schulgeb\u00e4ude in das neue Haus. Das 1805 errichtete alte Schulhaus wird abgetragen.<\/em><\/p><p class=\"Stil5\">1982: <em>Errichtung des Turnsaales<\/em><\/p><p class=\"Stil5\">1993: <em>Sanierung der Volksschule, erste Etappe Au\u00dfensanierung<\/em><\/p><p class=\"Stil5\">1994: <em>Innensanierung<\/em><\/p><p class=\"Stil5\">2005: <em>Sch\u00fclerb\u00fccherei wird er\u00f6ffnet &#8211; Supermarkt des Lesens <\/em><\/p><p class=\"Stil5\">\u00a0<\/p><p class=\"Stil5\">\u00a0<\/p>\t\t\t\t\t\t\t\t<\/div>\n\t\t\t\t<\/div>\n\t\t\t\t\t<\/div>\n\t\t<\/div>\n\t\t\t\t\t<\/div>\n\t\t<\/section>\n\t\t\t\t<\/div>\n\t\t","protected":false},"excerpt":{"rendered":"<p>Chronik fr\u00fcher \u00a0 1805: Errichtung der 1. Schule am Kirchenplatz Nach Erweiterungen wurde sie bis <a class=\"more-link\" href=\"https:\/\/volksschule.st-aegidi.at\/index.php\/chronik\/chronik-frueher\/\">Weiterlesen&#8230;<\/a><\/p>\n","protected":false},"author":4,"featured_media":0,"parent":18,"menu_order":0,"comment_status":"closed","ping_status":"closed","template":"","meta":{"footnotes":""},"class_list":["post-116","page","type-page","status-publish","hentry"],"jetpack_sharing_enabled":true,"_links":{"self":[{"href":"https:\/\/volksschule.st-aegidi.at\/index.php\/wp-json\/wp\/v2\/pages\/116","targetHints":{"allow":["GET"]}}],"collection":[{"href":"https:\/\/volksschule.st-aegidi.at\/index.php\/wp-json\/wp\/v2\/pages"}],"about":[{"href":"https:\/\/volksschule.st-aegidi.at\/index.php\/wp-json\/wp\/v2\/types\/page"}],"author":[{"embeddable":true,"href":"https:\/\/volksschule.st-aegidi.at\/index.php\/wp-json\/wp\/v2\/users\/4"}],"replies":[{"embeddable":true,"href":"https:\/\/volksschule.st-aegidi.at\/index.php\/wp-json\/wp\/v2\/comments?post=116"}],"version-history":[{"count":2,"href":"https:\/\/volksschule.st-aegidi.at\/index.php\/wp-json\/wp\/v2\/pages\/116\/revisions"}],"predecessor-version":[{"id":118,"href":"https:\/\/volksschule.st-aegidi.at\/index.php\/wp-json\/wp\/v2\/pages\/116\/revisions\/118"}],"up":[{"embeddable":true,"href":"https:\/\/volksschule.st-aegidi.at\/index.php\/wp-json\/wp\/v2\/pages\/18"}],"wp:attachment":[{"href":"https:\/\/volksschule.st-aegidi.at\/index.php\/wp-json\/wp\/v2\/media?parent=116"}],"curies":[{"name":"wp","href":"https:\/\/api.w.org\/{rel}","templated":true}]}}