{"id":86,"date":"2020-07-08T06:56:52","date_gmt":"2020-07-08T06:56:52","guid":{"rendered":"https:\/\/volksschule.st-aegidi.at\/?page_id=86"},"modified":"2020-07-08T06:57:08","modified_gmt":"2020-07-08T06:57:08","slug":"schuljahr-2015-16","status":"publish","type":"page","link":"https:\/\/volksschule.st-aegidi.at\/index.php\/chronik\/schuljahr-2015-16\/","title":{"rendered":"Schuljahr 2015\/16"},"content":{"rendered":"\t\t<div data-elementor-type=\"wp-page\" data-elementor-id=\"86\" class=\"elementor elementor-86\">\n\t\t\t\t\t\t<section class=\"elementor-section elementor-top-section elementor-element elementor-element-7224028 elementor-section-boxed elementor-section-height-default elementor-section-height-default\" data-id=\"7224028\" data-element_type=\"section\" data-e-type=\"section\">\n\t\t\t\t\t\t<div class=\"elementor-container elementor-column-gap-default\">\n\t\t\t\t\t<div class=\"elementor-column elementor-col-100 elementor-top-column elementor-element elementor-element-fa42563\" data-id=\"fa42563\" data-element_type=\"column\" data-e-type=\"column\">\n\t\t\t<div class=\"elementor-widget-wrap elementor-element-populated\">\n\t\t\t\t\t\t<div class=\"elementor-element elementor-element-4bd01a9 elementor-widget elementor-widget-text-editor\" data-id=\"4bd01a9\" data-element_type=\"widget\" data-e-type=\"widget\" data-widget_type=\"text-editor.default\">\n\t\t\t\t<div class=\"elementor-widget-container\">\n\t\t\t\t\t\t\t\t\t<h1 align=\"center\">Schuljahr 2015\/16<\/h1><p>\u00a0<\/p><p align=\"center\">18 Kinder besuchen heuer die 1. Klasse. Wir begr\u00fc\u00dfen alle recht herzlich.<\/p><p align=\"center\"><img fetchpriority=\"high\" decoding=\"async\" src=\"http:\/\/schulen.eduhi.at\/vs.st.aegidi\/bilder\/Chronik-bilder\/ChroB1516\/Schulbeginn 2015_16 1.Kl\/20151013_101833.jpg\" width=\"467\" height=\"350\" \/><\/p><p>\u00a0<\/p><h2 align=\"center\">Hurra, wir haben das Oo gelernt!<\/h2><p align=\"center\">Lernen mit allen Sinnen &#8211; das schmeckt auch!<\/p><p align=\"center\"><img decoding=\"async\" src=\"http:\/\/schulen.eduhi.at\/vs.st.aegidi\/bilder\/Chronik-bilder\/ChroB1516\/Schulbeginn 2015_16 1.Kl\/20151015_095901.jpg\" width=\"250\" height=\"200\" \/><img decoding=\"async\" src=\"http:\/\/schulen.eduhi.at\/vs.st.aegidi\/bilder\/Chronik-bilder\/ChroB1516\/Schulbeginn 2015_16 1.Kl\/20151015_095907-001.jpg\" width=\"250\" height=\"200\" \/><\/p><div align=\"center\"><p><img loading=\"lazy\" decoding=\"async\" src=\"http:\/\/schulen.eduhi.at\/vs.st.aegidi\/bilder\/Chronik-bilder\/ChroB1516\/Schulbeginn 2015_16 1.Kl\/20151015_095910-001.jpg\" width=\"250\" height=\"200\" \/><img loading=\"lazy\" decoding=\"async\" src=\"http:\/\/schulen.eduhi.at\/vs.st.aegidi\/bilder\/Chronik-bilder\/ChroB1516\/Schulbeginn 2015_16 1.Kl\/20151015_095927.jpg\" width=\"250\" height=\"200\" \/> <img loading=\"lazy\" decoding=\"async\" src=\"http:\/\/schulen.eduhi.at\/vs.st.aegidi\/bilder\/Chronik-bilder\/ChroB1516\/Schulbeginn 2015_16 1.Kl\/20151015_095946.jpg\" width=\"250\" height=\"200\" \/> <img loading=\"lazy\" decoding=\"async\" src=\"http:\/\/schulen.eduhi.at\/vs.st.aegidi\/bilder\/Chronik-bilder\/ChroB1516\/Schulbeginn 2015_16 1.Kl\/20151015_100016.jpg\" width=\"250\" height=\"200\" \/> <img loading=\"lazy\" decoding=\"async\" src=\"http:\/\/schulen.eduhi.at\/vs.st.aegidi\/bilder\/Chronik-bilder\/ChroB1516\/Schulbeginn 2015_16 1.Kl\/20151015_100030.jpg\" width=\"250\" height=\"200\" \/> <img loading=\"lazy\" decoding=\"async\" src=\"http:\/\/schulen.eduhi.at\/vs.st.aegidi\/bilder\/Chronik-bilder\/ChroB1516\/Schulbeginn 2015_16 1.Kl\/20151015_100036.jpg\" width=\"250\" height=\"200\" \/> <img loading=\"lazy\" decoding=\"async\" src=\"http:\/\/schulen.eduhi.at\/vs.st.aegidi\/bilder\/Chronik-bilder\/ChroB1516\/Schulbeginn 2015_16 1.Kl\/20151015_101046.jpg\" width=\"250\" height=\"200\" \/> <img loading=\"lazy\" decoding=\"async\" src=\"http:\/\/schulen.eduhi.at\/vs.st.aegidi\/bilder\/Chronik-bilder\/ChroB1516\/Schulbeginn 2015_16 1.Kl\/20151015_101133.jpg\" width=\"200\" height=\"250\" \/> <img loading=\"lazy\" decoding=\"async\" src=\"http:\/\/schulen.eduhi.at\/vs.st.aegidi\/bilder\/Chronik-bilder\/ChroB1516\/Schulbeginn 2015_16 1.Kl\/20151015_101311.jpg\" width=\"200\" height=\"250\" \/> <img loading=\"lazy\" decoding=\"async\" src=\"http:\/\/schulen.eduhi.at\/vs.st.aegidi\/bilder\/Chronik-bilder\/ChroB1516\/Schulbeginn 2015_16 1.Kl\/20151015_101440.jpg\" width=\"200\" height=\"250\" \/> <img loading=\"lazy\" decoding=\"async\" src=\"http:\/\/schulen.eduhi.at\/vs.st.aegidi\/bilder\/Chronik-bilder\/ChroB1516\/Schulbeginn 2015_16 1.Kl\/20151015_101445.jpg\" width=\"200\" height=\"250\" \/> <img loading=\"lazy\" decoding=\"async\" src=\"http:\/\/schulen.eduhi.at\/vs.st.aegidi\/bilder\/Chronik-bilder\/ChroB1516\/Schulbeginn 2015_16 1.Kl\/20151015_101701.jpg\" width=\"200\" height=\"250\" \/> <img loading=\"lazy\" decoding=\"async\" src=\"http:\/\/schulen.eduhi.at\/vs.st.aegidi\/bilder\/Chronik-bilder\/ChroB1516\/Schulbeginn 2015_16 1.Kl\/20151015_101738.jpg\" width=\"208\" height=\"250\" \/> <img loading=\"lazy\" decoding=\"async\" src=\"http:\/\/schulen.eduhi.at\/vs.st.aegidi\/bilder\/Chronik-bilder\/ChroB1516\/Schulbeginn 2015_16 1.Kl\/20151015_101827.jpg\" width=\"200\" height=\"250\" \/> <img loading=\"lazy\" decoding=\"async\" src=\"http:\/\/schulen.eduhi.at\/vs.st.aegidi\/bilder\/Chronik-bilder\/ChroB1516\/Schulbeginn 2015_16 1.Kl\/20151015_101904-001.jpg\" width=\"200\" height=\"250\" \/> <img loading=\"lazy\" decoding=\"async\" src=\"http:\/\/schulen.eduhi.at\/vs.st.aegidi\/bilder\/Chronik-bilder\/ChroB1516\/Schulbeginn 2015_16 1.Kl\/20151015_101937.jpg\" width=\"200\" height=\"250\" \/> <img loading=\"lazy\" decoding=\"async\" src=\"http:\/\/schulen.eduhi.at\/vs.st.aegidi\/bilder\/Chronik-bilder\/ChroB1516\/Schulbeginn 2015_16 1.Kl\/20151015_102019.jpg\" width=\"200\" height=\"250\" \/> <img loading=\"lazy\" decoding=\"async\" src=\"http:\/\/schulen.eduhi.at\/vs.st.aegidi\/bilder\/Chronik-bilder\/ChroB1516\/Schulbeginn 2015_16 1.Kl\/20151015_102110.jpg\" width=\"200\" height=\"250\" \/> <img loading=\"lazy\" decoding=\"async\" src=\"http:\/\/schulen.eduhi.at\/vs.st.aegidi\/bilder\/Chronik-bilder\/ChroB1516\/Schulbeginn 2015_16 1.Kl\/20151015_102643.jpg\" width=\"250\" height=\"200\" \/> <img loading=\"lazy\" decoding=\"async\" src=\"http:\/\/schulen.eduhi.at\/vs.st.aegidi\/bilder\/Chronik-bilder\/ChroB1516\/Schulbeginn 2015_16 1.Kl\/20151015_102647.jpg\" width=\"250\" height=\"200\" \/> <img loading=\"lazy\" decoding=\"async\" src=\"http:\/\/schulen.eduhi.at\/vs.st.aegidi\/bilder\/Chronik-bilder\/ChroB1516\/Schulbeginn 2015_16 1.Kl\/20151015_102656.jpg\" width=\"250\" height=\"200\" \/><\/p><p>\u00a0<\/p><h2>Besuch vom Nikolaus<\/h2><p>\u00a0<\/p><p><img loading=\"lazy\" decoding=\"async\" src=\"http:\/\/schulen.eduhi.at\/vs.st.aegidi\/bilder\/Chronik-bilder\/ChroB1516\/Nikolaus  3\/20151204_112439.jpg\" width=\"151\" height=\"200\" \/><\/p><p><img loading=\"lazy\" decoding=\"async\" src=\"http:\/\/schulen.eduhi.at\/vs.st.aegidi\/bilder\/Chronik-bilder\/ChroB1516\/Nikolaus  3\/20151204_112501.jpg\" width=\"269\" height=\"200\" \/><img loading=\"lazy\" decoding=\"async\" src=\"http:\/\/schulen.eduhi.at\/vs.st.aegidi\/bilder\/Chronik-bilder\/ChroB1516\/Nikolaus  3\/20151204_113605.jpg\" width=\"269\" height=\"200\" \/><\/p><p><img loading=\"lazy\" decoding=\"async\" src=\"http:\/\/schulen.eduhi.at\/vs.st.aegidi\/bilder\/Chronik-bilder\/ChroB1516\/Nikolaus1\/20151204_113605.jpg\" width=\"269\" height=\"200\" \/><\/p><p>\u00a0<\/p><p>\u00a0<\/p><h2>Adventfeier<\/h2><p><img loading=\"lazy\" decoding=\"async\" src=\"http:\/\/schulen.eduhi.at\/vs.st.aegidi\/bilder\/Chronik-bilder\/ChroB1516\/Nikolaus1\/20151211_090357.jpg\" width=\"480\" height=\"360\" \/><\/p><p>\u00a0<\/p><p><img loading=\"lazy\" decoding=\"async\" src=\"http:\/\/schulen.eduhi.at\/vs.st.aegidi\/bilder\/Chronik-bilder\/ChroB1516\/Nikolaus1\/20151211_090343.jpg\" alt=\"\" width=\"480\" height=\"360\" \/><\/p><p>\u00a0<\/p><h2>Elternsprechtag im Dezember 2016<\/h2><p>\u00a0<\/p><p>Wie jedes Jahr bewirten die Sch\u00fclerInnen und Eltern der 4. Schulstufe<\/p><p>alle Besucher des Elternsprechtages.<\/p><h2><img loading=\"lazy\" decoding=\"async\" src=\"http:\/\/schulen.eduhi.at\/vs.st.aegidi\/bilder\/Chronik-bilder\/ChroB1516\/1.Elternsprechtag 2015_1615_16\/20151201_143529.jpg\" width=\"250\" height=\"200\" \/> <img loading=\"lazy\" decoding=\"async\" src=\"http:\/\/schulen.eduhi.at\/vs.st.aegidi\/bilder\/Chronik-bilder\/ChroB1516\/1.Elternsprechtag 2015_1615_16\/20151201_163646.jpg\" width=\"250\" height=\"200\" \/><\/h2><p>\u00a0<\/p><h2><img loading=\"lazy\" decoding=\"async\" src=\"http:\/\/schulen.eduhi.at\/vs.st.aegidi\/bilder\/Chronik-bilder\/ChroB1516\/1.Elternsprechtag 2015_1615_16\/20151201_143610.jpg\" width=\"250\" height=\"200\" \/> <img loading=\"lazy\" decoding=\"async\" src=\"http:\/\/schulen.eduhi.at\/vs.st.aegidi\/bilder\/Chronik-bilder\/ChroB1516\/1.Elternsprechtag 2015_1615_16\/20151201_163715.jpg\" width=\"250\" height=\"200\" \/><\/h2><h2><img loading=\"lazy\" decoding=\"async\" src=\"http:\/\/schulen.eduhi.at\/vs.st.aegidi\/bilder\/Chronik-bilder\/ChroB1516\/1.Elternsprechtag 2015_1615_16\/20151201_172319.jpg\" width=\"480\" height=\"360\" \/><\/h2><h2>\u00a0<\/h2><h2>Leseolympiade<\/h2><p>4.Schulstufe<\/p><p><img loading=\"lazy\" decoding=\"async\" src=\"http:\/\/schulen.eduhi.at\/vs.st.aegidi\/bilder\/Chronik-bilder\/ChroB1516\/leseolympiade 2015_16\/20151027_093204.jpg\" width=\"407\" height=\"298\" \/><\/p><\/div><p align=\"center\"><img loading=\"lazy\" decoding=\"async\" src=\"http:\/\/schulen.eduhi.at\/vs.st.aegidi\/bilder\/Chronik-bilder\/ChroB1516\/leseolympiade 2015_16\/20151027_093240.jpg\" width=\"374\" height=\"266\" \/><\/p><p align=\"center\">Unter dem Motto &#8222;X,Y,Z &#8211; wir lesen um die Wett&#8220; fand auch heuer wieder der diesj\u00e4hrige Lesewettbewerb der Raiffeisenbanken statt.<\/p><p align=\"center\">\u00a0<\/p><h2 align=\"center\">Radfahrpr\u00fcfung erfolgreich bestanden<\/h2><p align=\"center\">\u00a0<\/p><p align=\"center\">Die erste gro\u00dfe Pr\u00fcfung zur aktiven Teilnahme im Stra\u00dfenverkehr haben alle 9 Kinder<\/p><p align=\"center\">mit Bravour bestanden.<\/p><p align=\"center\">\u00a0<\/p><h2 align=\"center\">IB &#8211; Projekt<\/h2><p align=\"center\">Der Boden lebt<\/p><p align=\"center\">\u00a0<\/p><p align=\"center\"><img loading=\"lazy\" decoding=\"async\" src=\"http:\/\/schulen.eduhi.at\/vs.st.aegidi\/bilder\/Chronik-bilder\/ChroB1516\/IB Projekt Boden\/20151029_082104.jpg\" width=\"480\" height=\"360\" \/><\/p><p align=\"center\"><img loading=\"lazy\" decoding=\"async\" src=\"http:\/\/schulen.eduhi.at\/vs.st.aegidi\/bilder\/Chronik-bilder\/ChroB1516\/IB Projekt Boden\/20151029_083527.jpg\" width=\"480\" height=\"360\" \/><\/p><p align=\"center\"><img loading=\"lazy\" decoding=\"async\" src=\"http:\/\/schulen.eduhi.at\/vs.st.aegidi\/bilder\/Chronik-bilder\/ChroB1516\/IB Projekt Boden\/20151029_085014.jpg\" width=\"480\" height=\"360\" \/><\/p><p align=\"center\"><img loading=\"lazy\" decoding=\"async\" src=\"http:\/\/schulen.eduhi.at\/vs.st.aegidi\/bilder\/Chronik-bilder\/ChroB1516\/IB Projekt Boden\/20151029_084958.jpg\" width=\"480\" height=\"360\" \/><\/p><p align=\"center\">\u00a0<\/p><p align=\"center\"><img loading=\"lazy\" decoding=\"async\" src=\"http:\/\/schulen.eduhi.at\/vs.st.aegidi\/bilder\/Chronik-bilder\/ChroB1516\/IB Projekt Boden\/20151029_085030.jpg\" width=\"360\" height=\"480\" \/><\/p><p align=\"center\">\u00a0<\/p><p align=\"center\"><img loading=\"lazy\" decoding=\"async\" src=\"http:\/\/schulen.eduhi.at\/vs.st.aegidi\/bilder\/Chronik-bilder\/ChroB1516\/IB Projekt Boden\/20151029_085037.jpg\" width=\"360\" height=\"480\" \/><\/p><p align=\"center\">\u00a0<\/p><p align=\"center\"><img loading=\"lazy\" decoding=\"async\" src=\"http:\/\/schulen.eduhi.at\/vs.st.aegidi\/bilder\/Chronik-bilder\/ChroB1516\/IB Projekt Boden\/20151029_085050.jpg\" width=\"480\" height=\"360\" \/><\/p><p align=\"center\">\u00a0<\/p><p align=\"center\"><img loading=\"lazy\" decoding=\"async\" src=\"http:\/\/schulen.eduhi.at\/vs.st.aegidi\/bilder\/Chronik-bilder\/ChroB1516\/IB Projekt Boden\/20151029_085059.jpg\" width=\"480\" height=\"360\" \/><\/p><p align=\"center\"><img loading=\"lazy\" decoding=\"async\" src=\"http:\/\/schulen.eduhi.at\/vs.st.aegidi\/bilder\/Chronik-bilder\/ChroB1516\/IB Projekt Boden\/20151029_085112.jpg\" width=\"480\" height=\"360\" \/><\/p><p align=\"center\">\u00a0<\/p><p align=\"center\"><img loading=\"lazy\" decoding=\"async\" src=\"http:\/\/schulen.eduhi.at\/vs.st.aegidi\/bilder\/Chronik-bilder\/ChroB1516\/IB Projekt Boden\/20151029_085128.jpg\" width=\"480\" height=\"360\" \/><\/p><p align=\"center\">\u00a0<\/p><p align=\"center\"><img loading=\"lazy\" decoding=\"async\" src=\"http:\/\/schulen.eduhi.at\/vs.st.aegidi\/bilder\/Chronik-bilder\/ChroB1516\/IB Projekt Boden\/20151029_090156.jpg\" width=\"360\" height=\"480\" \/><\/p><p align=\"center\">\u00a0<\/p><h2 align=\"center\">Wir begr\u00fc\u00dfen<\/h2><h2 align=\"center\">unseren neuen Schulwart<\/h2><h2 align=\"center\">Alfons Sageder<\/h2><p align=\"center\"><img loading=\"lazy\" decoding=\"async\" src=\"http:\/\/schulen.eduhi.at\/vs.st.aegidi\/bilder\/Chronik-bilder\/ChroB1516\/Camera Roll\/DSC02515-001.JPG\" width=\"480\" height=\"319\" \/><\/p><p align=\"center\">\u00a0<\/p><p align=\"center\"><img loading=\"lazy\" decoding=\"async\" src=\"http:\/\/schulen.eduhi.at\/vs.st.aegidi\/bilder\/Chronik-bilder\/ChroB1516\/Camera Roll\/DSC02519.JPG\" width=\"319\" height=\"480\" \/><\/p><p align=\"center\">\u00a0<\/p><p align=\"center\">\u00a0<\/p><h2 align=\"center\">Fasching<\/h2><h2 align=\"center\">in der Musikvolksschule St. Aegidi<\/h2><p align=\"center\">\u00a0<\/p><p align=\"center\"><img loading=\"lazy\" decoding=\"async\" src=\"http:\/\/schulen.eduhi.at\/vs.st.aegidi\/bilder\/Chronik-bilder\/ChroB1516\/Fasching \u00b416\/DSC02535.JPG\" width=\"480\" height=\"319\" \/><\/p><p align=\"center\">\u00a0<\/p><p align=\"center\">\u00a0<\/p><p align=\"center\">\u00a0<\/p><p align=\"center\"><img loading=\"lazy\" decoding=\"async\" src=\"http:\/\/schulen.eduhi.at\/vs.st.aegidi\/bilder\/Chronik-bilder\/ChroB1516\/Fasching \u00b416\/DSC02542.JPG\" width=\"480\" height=\"319\" \/><\/p><p align=\"center\">\u00a0<\/p><p align=\"center\">\u00a0<\/p><p align=\"center\"><img loading=\"lazy\" decoding=\"async\" src=\"http:\/\/schulen.eduhi.at\/vs.st.aegidi\/bilder\/Chronik-bilder\/ChroB1516\/Fasching \u00b416\/DSC02544.JPG\" width=\"480\" height=\"319\" \/><\/p><p align=\"center\">\u00a0<\/p><p align=\"center\"><img loading=\"lazy\" decoding=\"async\" src=\"http:\/\/schulen.eduhi.at\/vs.st.aegidi\/bilder\/Chronik-bilder\/ChroB1516\/Fasching \u00b416\/DSC02543.JPG\" width=\"480\" height=\"319\" \/><\/p><p align=\"center\">\u00a0<\/p><h2 align=\"center\">Dichterlesung mit Stefan Karch<\/h2><p align=\"center\"><img loading=\"lazy\" decoding=\"async\" src=\"http:\/\/schulen.eduhi.at\/vs.st.aegidi\/bilder\/Chronik-bilder\/ChroB1516\/Stefan Karch\/DSC02547.JPG\" width=\"319\" height=\"480\" \/><img loading=\"lazy\" decoding=\"async\" src=\"http:\/\/schulen.eduhi.at\/vs.st.aegidi\/bilder\/Chronik-bilder\/ChroB1516\/Stefan Karch\/DSC02555.JPG\" width=\"480\" height=\"319\" \/><\/p><p align=\"center\"><img loading=\"lazy\" decoding=\"async\" src=\"http:\/\/schulen.eduhi.at\/vs.st.aegidi\/bilder\/Chronik-bilder\/ChroB1516\/Stefan Karch\/DSC02569.JPG\" width=\"319\" height=\"480\" \/><\/p><p align=\"center\">\u00a0<\/p><h2 align=\"center\">Besuch beim B\u00fcrgermeister<\/h2><p align=\"center\">Die Sch\u00fclerInnen der 3. Schulstufe und 4. Schulstufe besuchten am 2. M\u00e4rz 2016 unseren B\u00fcrgermeister Eduard Paminger am Gemeindeamt.<\/p><p align=\"center\">Im Sitzungssaal des Gemeindeamtes erfuhren sie alles \u00fcber die Aufgaben der Gemeinde, die Aufgaben des Gemeinderates und des B\u00fcrgermeisters.<\/p><p align=\"center\">Au\u00dferdem stellten die Kinder dem B\u00fcrgermeister viele Fragen.<\/p><p align=\"center\">\u00a0<\/p><p align=\"center\"><img loading=\"lazy\" decoding=\"async\" src=\"http:\/\/schulen.eduhi.at\/vs.st.aegidi\/bilder\/Chronik-bilder\/ChroB1516\/Gemeinde\/schuelergemeindeart2016.jpg\" width=\"480\" height=\"360\" \/><\/p><p align=\"center\">\u00a0<\/p><table border=\"0\" width=\"97%\" cellpadding=\"0\"><tbody><tr><td width=\"150\"><p><img loading=\"lazy\" decoding=\"async\" title=\"'Zur Startseite der Kinder- und Jugendanwaltschaft O\u00d6'\" src=\"http:\/\/schulen.eduhi.at\/vs.st.aegidi\/chro1516_clip_image001.jpg\" alt=\"Logo: Kinder- &amp; Jugendanwaltschaft O\u00d6\" width=\"85\" height=\"89\" align=\"left\" border=\"0\" \/><\/p><\/td><td valign=\"bottom\" width=\"1676\"><p>Kinder- &amp; Jugendanwaltschaft O\u00d6<\/p><\/td><\/tr><tr><td colspan=\"2\" width=\"1828\"><p>KiJA on Tour 2015\/2016 \u2013 Musical f\u00fcr Kinder ab 6 Jahren<\/p><\/td><\/tr><tr><td colspan=\"2\" width=\"1828\"><p>Auff\u00fchrung in Eggerding am 21. April 2016 \u2013 Pl\u00e4tze frei!!!!<\/p><\/td><\/tr><tr><td colspan=\"2\" width=\"1828\">\u00a0<\/td><\/tr><\/tbody><\/table><p align=\"center\">\u00a0<strong>KiJA on Tour 2015\/2016 durch Ober\u00f6sterreich<\/strong><br \/>Musical f\u00fcr Kinder ab 6 Jahren: \u201eL\u00f6wenherz \u2013 Kraut &amp; R\u00fcben\u201c <br \/>am 21. April 2016 im Bramberger Saal, Beginn 9:00 Uhr <br \/><img loading=\"lazy\" decoding=\"async\" src=\"http:\/\/schulen.eduhi.at\/vs.st.aegidi\/chro1516_clip_image003.jpg\" width=\"293\" height=\"266\" align=\"left\" hspace=\"12\" \/> <br \/>Sehr geehrte Direktorinnen und Direktoren!<br \/>Sehr geehrte P\u00e4dagoginnen und P\u00e4dagogen!<\/p><p>Um jungen Menschen in ganz Ober\u00f6sterreich entgegen zu kommen, geht die Kinder- und Jugendanwaltschaft O\u00d6 auch dieses Schuljahr mit einem kind- und jugendgerechten Programm auf Tour durch die Bezirke. Die Veranstaltungen richten sich prim\u00e4r an Schulklassen. Am 21. April 2016 findet im Bramberger Saal um 9:00 Uhr (bei Bedarf auch um 11:00 Uhr) eine Auff\u00fchrung des brandneuen Musiktheaterst\u00fccks<strong> \u201eL\u00f6wenherz \u2013 Kraut &amp; R\u00fcben\u201c f\u00fcr Kinder ab 6 Jahren <\/strong>statt.<\/p><p><strong>Es sind noch Pl\u00e4tze frei! JETZT ANMELDEN!!!!!!<\/strong><\/p><p><strong>Sicher richtig: Kinderrechte und Identit\u00e4tsfindung <\/strong><br \/>Wer bin <strong>ICH<\/strong>, und wie will <strong>ICH<\/strong> leben? Was erwartet mein Umfeld von mir und wer sind meine Vorbilder? Fragen wie diese besch\u00e4ftigen alle Kinder und Jugendlichen. Die Ausbildung der eigenen Identit\u00e4t ist die wichtigste Entwicklungsaufgabe auf dem Weg zum Erwachsenwerden. Die damit einhergehende Verunsicherung macht empf\u00e4nglich f\u00fcr Einfl\u00fcsse von au\u00dfen, auch f\u00fcr negative: fragw\u00fcrdige Sch\u00f6nheitsideale, der Druck der Peer-Group oder auch radikalisierende Str\u00f6mungen jeglicher Ausrichtung k\u00f6nnen die Identit\u00e4tsentwicklung nachhaltig st\u00f6ren. Kinder und Jugendliche sollten daher fr\u00fchzeitig gest\u00e4rkt und in der Ausbildung ihrer \u201eICH\u201c-Kompetenz unterst\u00fctzt werden. Kinderrechte sind die beste Basis daf\u00fcr und f\u00f6rdern auch eine tolerante, weltoffene und friedliche Gesellschaft.<\/p><p>Christoph Rabl hat im Auftrag und mit fachlicher Anleitung der KiJA das Musiktheaterst\u00fcck \u201eL\u00f6wenherz-Kraut &amp; R\u00fcben\u201c erarbeitet: Kinder sollen ermutig werden, ihre eigenen Lebensperspektiven zu entwickeln. <br \/>Die St\u00fcckbeschreibung und n\u00e4here Informationen finden Sie in unserem Folder und Tourplan im Anhang. Pro Kind ist ein Unkostenbeitrag von 3 Euro einzuheben.<br \/>Den P\u00e4dagogInnen wird zur Vorbereitung und anschlie\u00dfenden Reflexion des Themas in der Klasse Unterrichtsmaterial zur Verf\u00fcgung gestellt. Dar\u00fcber hinaus werden weiterf\u00fchrende kostenlose Angebote der KiJA, wie etwa Workshops zu Kinder- und Jugendrechten, empfohlen.<\/p><p align=\"center\">\u00a0<\/p><p align=\"center\">\u00a0<\/p>\t\t\t\t\t\t\t\t<\/div>\n\t\t\t\t<\/div>\n\t\t\t\t\t<\/div>\n\t\t<\/div>\n\t\t\t\t\t<\/div>\n\t\t<\/section>\n\t\t\t\t<\/div>\n\t\t","protected":false},"excerpt":{"rendered":"<p>Schuljahr 2015\/16 \u00a0 18 Kinder besuchen heuer die 1. Klasse. Wir begr\u00fc\u00dfen alle recht herzlich. <a class=\"more-link\" href=\"https:\/\/volksschule.st-aegidi.at\/index.php\/chronik\/schuljahr-2015-16\/\">Weiterlesen&#8230;<\/a><\/p>\n","protected":false},"author":4,"featured_media":0,"parent":18,"menu_order":0,"comment_status":"closed","ping_status":"closed","template":"","meta":{"footnotes":""},"class_list":["post-86","page","type-page","status-publish","hentry"],"jetpack_sharing_enabled":true,"_links":{"self":[{"href":"https:\/\/volksschule.st-aegidi.at\/index.php\/wp-json\/wp\/v2\/pages\/86","targetHints":{"allow":["GET"]}}],"collection":[{"href":"https:\/\/volksschule.st-aegidi.at\/index.php\/wp-json\/wp\/v2\/pages"}],"about":[{"href":"https:\/\/volksschule.st-aegidi.at\/index.php\/wp-json\/wp\/v2\/types\/page"}],"author":[{"embeddable":true,"href":"https:\/\/volksschule.st-aegidi.at\/index.php\/wp-json\/wp\/v2\/users\/4"}],"replies":[{"embeddable":true,"href":"https:\/\/volksschule.st-aegidi.at\/index.php\/wp-json\/wp\/v2\/comments?post=86"}],"version-history":[{"count":2,"href":"https:\/\/volksschule.st-aegidi.at\/index.php\/wp-json\/wp\/v2\/pages\/86\/revisions"}],"predecessor-version":[{"id":88,"href":"https:\/\/volksschule.st-aegidi.at\/index.php\/wp-json\/wp\/v2\/pages\/86\/revisions\/88"}],"up":[{"embeddable":true,"href":"https:\/\/volksschule.st-aegidi.at\/index.php\/wp-json\/wp\/v2\/pages\/18"}],"wp:attachment":[{"href":"https:\/\/volksschule.st-aegidi.at\/index.php\/wp-json\/wp\/v2\/media?parent=86"}],"curies":[{"name":"wp","href":"https:\/\/api.w.org\/{rel}","templated":true}]}}